 Let h be i(3). Suppose h = -5*k - 0*k + 15. Let f(u) be the third derivative of u**5/30 - u**4/8 - u**3/2 + 3*u**2. What is f(k)?
6
Let b(c) = c**2 - 4*c + 6. Let n be b(4). Let r(a) be the first derivative of -a**4/4 + 2*a**3 + 4*a + 3. What is r(n)?
4
Suppose 3*j + 0*j + 30 = 0. Let q = j + 11. Let c(o) = 2*o**3 + 2*o**3 + o**3 - o**2. Give c(q).
4
Let t(d) = d**3 - 7*d**2 + 4*d - 3. Let o be (3 + (-15)/10)/(1/4). What is t(o)?
-15
Suppose -15 = -0*q + 3*q, -n = 3*q + 15. Suppose n = 4*l - 7*l + 6. Let a(t) = -t**2 - t + 1. Determine a(l).
-5
Let g(o) = o**2 + 9*o + 7. Let f be g(-8). Let d(b) = -8*b**3 + 3*b**2 + 1. Let y(t) = t**3 - t**2. Let w(r) = -d(r) - 3*y(r). What is w(f)?
-6
Suppose 5*x + 4*g - 25 = 0, 2*x - 25 = -3*x - 3*g. Let u(h) be the first derivative of h**4/4 - 5*h**3/3 + h**2/2 - 5*h - 1. What is u(x)?
0
Let w(x) be the first derivative of 1 - 7*x + 1/2*x**2. Suppose 0 = 3*s + 5 - 20. Calculate w(s).
-2
Let d(h) = -1 - 3*h - 5 + 5*h - 4*h. Calculate d(-5).
4
Let o be (3 - 2 - -1) + 4. Let u(a) = 5*a**2 + o*a + 0 - 6*a**2 + 7. What is u(6)?
7
Let x(c) = 5 + c + c**2 - c**2 + 33*c**3 - 32*c**3. What is x(0)?
5
Let k be 1 + 4/(-8)*0. Let h(p) = 6*p + 3. Let x(g) = g + 1. Let o = 4 - 6. Let c(l) = o*x(l) + h(l). Give c(k).
5
Let s(r) = 7*r**3 - 6*r**2 - r - 4. Let h(x) = 6*x**3 - 6*x**2 - 4. Let q(g) = 6*h(g) - 5*s(g). Calculate q(5).
-4
Let i(s) = 4*s**2 - s. Let v be i(1). Let r = v + -1. Let l be (r/4)/(2/(-4)). Let k(x) = x**3 + 2*x**2 + x. Give k(l).
0
Let r(c) be the third derivative of -c**5/60 + c**2. Suppose 2*o = 5*l - 1, o - 3*o = -4*l. Give r(o).
-4
Let x(m) = -m - 6*m**2 - 24*m**3 + 11*m**3 + 7 + 14*m**3. Calculate x(6).
1
Let l be (3 + 2)*(12/20)/1. Let k(y) = y**2 - 5*y + 2. Calculate k(l).
-4
Let z(u) = u**3 - 2*u**2 - 3*u. Let w be (8/10)/(108/30 + -4). Calculate z(w).
-10
Let p(q) = -q**3 - q**2. Let n(c) = 5*c**3 + 7*c**2 + 3*c + 4. Let w(s) = -n(s) - 6*p(s). Suppose 0*x - x - 18 = -5*t, 5*t - 4*x - 27 = 0. Give w(t).
5
Let d(c) = -c**2 + 3*c + 7. Let v = 8 + -3. Let b be 1*v*(-3)/(-3). What is d(b)?
-3
Let b(t) = -t**2 - 6*t. Suppose -4 = 4*x - 5*x. Suppose x*c + 5 = -19. Calculate b(c).
0
Suppose 16 + 8 = -2*m. Let v = m + 17. Let x(c) = c**3 - 6*c**2 + 7*c - 7. Calculate x(v).
3
Let l(d) = d - 5*d**3 + 1 - 2*d + d**2 + 3*d. Suppose -c + 4*j - 5 = -25, 0 = 2*c + 2*j. Suppose 0 = 14*w - 10*w + c. What is l(w)?
5
Let d(u) = -u**2 - 8*u - 5. Let h(z) = -z - 19. Let v be h(-11). Determine d(v).
-5
Let s(m) = m**3 - 2*m**2 - 4*m + 4. Suppose 75 = -2*t + 5*t. Suppose t = 5*n - 5*h, -5*n + 3*h + 12 = -3*n. Calculate s(n).
1
Let h = 6 - 1. Let c(w) = 10*w - 14*w + h*w**2 - 2*w**3 + w**3 + 4. Calculate c(3).
10
Let t be (0 + -1)/(3/(-3)). Let l be t/(-1) - 16/(-8). Let p(z) = -3*z**3 - z**2 + z. Determine p(l).
-3
Let i(g) = -14*g + 7. Let w(d) = -5*d + 2. Let y(m) = -4*i(m) + 11*w(m). Determine y(0).
-6
Let l(w) = -w**3 + 6*w**2 - w - 4. Suppose -2*b = -4*b + 10. Determine l(b).
16
Suppose -p - 1 = j, p - 1 = 5*j + 10. Let d(n) = 7*n**2 + 4*n + 1 - 6*n - n**2. Give d(p).
5
Let c(t) = -t**3 - t**2 + t. Let q(v) = 4*v**3 + 3*v**2 - 3*v. Let u(d) = 11*c(d) + 4*q(d). Suppose 2*z = -2*r + 8, -5*r - 2*z + 10 = -1. Calculate u(r).
5
Let h(m) = 2*m - 3. Let b = 44 + -48. Determine h(b).
-11
Let x(l) = 1 + 0 + 240*l**2 - 2*l - 237*l**2. Determine x(2).
9
Let j(b) = 3*b**3 - 9*b**2 - 9*b + 10. Let y(f) = -f**3 - f. Let n(o) = j(o) + 2*y(o). Calculate n(10).
0
Let p(a) = -8*a**2 - a. Let n(m) = m**2 + 9*m + 6. Let r be n(-9). Let x(b) = -23*b**2 - 3*b. Let l(d) = r*x(d) - 17*p(d). Give l(-1).
-1
Let y be (4 - 2)*7/(-2). Let f(a) = -a - 4. What is f(y)?
3
Let l(z) = -z**2 + 10*z + 14. Let t be l(11). Let k(b) = -b**3 + 4*b**2 - 3*b. Calculate k(t).
0
Let z(n) = -n + 1. Let y(a) = -6*a + 9. Let t(h) = y(h) - 5*z(h). Calculate t(4).
0
Let f(c) = c**3 + 2*c**2 + 1. Let o be (-104)/4*3/6. Let b = 11 + o. Give f(b).
1
Let l(m) = 7*m**3 + 12*m**2 + 11*m + 14. Let k(f) = -15*f**3 - 25*f**2 - 23*f - 30. Let r(j) = 6*k(j) + 13*l(j). Give r(-5).
2
Suppose 4*t + 25 + 47 = 0. Let u be 29/(-9) - 4/t. Let z(v) = -v**3 - 3*v**2 + 2*v + 2. Determine z(u).
-4
Let m(i) = -i**3 - i. Let u be m(-1). Let l(o) = -2*o**2 + 4*o**u - o**2 - o - 1. Let b be (-4)/6 - 44/(-12). Determine l(b).
5
Let m(d) = d**3 + 4*d**2 - 6*d. Let c be m(-5). Let t be 3 + -2 + 1 + 2. Let v(f) = -2*f**3 - t*f**2 + 4*f**3 - 1 - 4*f - f**3 + 0*f**3. Determine v(c).
4
Suppose 1 = q + 2. Let o(d) = 14*d - 11. Let v(a) = a + 1. Let x(n) = -3*n + 13. Let i(u) = 6*v(u) - x(u). Let b(g) = 8*i(g) - 5*o(g). What is b(q)?
-3
Let b(h) = -h**3 + 5*h**3 + 1 - 8*h**3 + h**2 + 11*h**3 + 2*h. Suppose -4*k = -0*k + 8. Let j(u) = -u**3 - 2*u**2 - 1. Let g be j(k). Calculate b(g).
-7
Let d(a) be the second derivative of -a**3/6 - 2*a. Suppose -5*p + 7 = b, -13 = 3*b + 2*b + p. Let s be 1 - ((-12)/b)/1. Calculate d(s).
3
Let a be (225/150)/(-1 - 10/(-16)). Let h(g) = g**2 + 5*g + 4. Determine h(a).
0
Let r(p) = -4*p**3 + 8*p**2 - 4*p + 3. Let i be r(2). Let x be 10*(-2)/(-4) + -2. Let a(k) = x + 3*k - 4*k + 2. Calculate a(i).
10
Let x be ((-15)/(-25))/((-1)/(-5)). Let q(c) = 4 + 2*c - c - 1. What is q(x)?
6
Let n(o) = 0*o + 3*o + 3*o - 1 - 3*o. Calculate n(1).
2
Let s(d) = d**3 - 7*d**2 - 25*d - 12. Let w(o) = 2*o**2 + 6*o + 3. Let h(u) = 2*s(u) + 9*w(u). Determine h(-2).
-5
Let i(x) = x**2 + 8*x - 2. Let j be i(-8). Let o(b) = -b**3 - 1. Calculate o(j).
7
Suppose 8*c - 5*c = -12. Let z(l) be the third derivative of -l**4/24 + l**3/3 + 6*l**2. Determine z(c).
6
Let s(d) = -d + 5. Let k be s(5). Let p(t) = -3 + k - t**2 + 3*t + 2*t**2. What is p(-4)?
1
Let b be 9/(-18)*(-1 + -1). Let d(l) = 3*l**2 + b - 27*l + 28*l - 2*l**2. Determine d(-2).
3
Suppose 44 = 4*k - z, 4*k + 5*z + 0*z - 68 = 0. Let b be 244/k - (-1)/(-3). Let x be (-1)/(-3) + b/(-6). Let l(w) = w**2 + w - 4. Determine l(x).
2
Suppose -2*k - 2*k + 4*n = 0, 4*k + 5*n = -36. Let g(i) = 3*i + 4. Give g(k).
-8
Let n(l) be the first derivative of 3 - 1/12*l**4 + 0*l**2 + 0*l + 1/360*l**6 - 1/24*l**5 + 2/3*l**3. Let o(q) be the third derivative of n(q). Calculate o(5).
-2
Let y(j) = -3*j - 3. Let r be y(-1). Let x(t) = t**2 - 4. Determine x(r).
-4
Let c(w) = 7*w - 1. Let a(y) = 14*y - 2. Let i(g) = 4*a(g) - 9*c(g). Let v be ((-18)/4)/(3/(-6)). Let j = -10 + v. Give i(j).
8
Let p(y) = -y - 3. Let i be p(-2). Let g(n) = -4*n**3 - 7*n**2 - n - 5. Let k(q) = 3*q**3 + 6*q**2 + q + 4. Let f(v) = -4*g(v) - 5*k(v). Give f(i).
-2
Suppose -2*f - 2*t = -20, -3*t - 25 = -3*f - 7. Let g be (-30)/4*f/(-10). Let r(b) = -2*b + 5. Determine r(g).
-7
Suppose -5*p - 4*g + 17 = -14, 12 = 3*g. Let l(q) = 2*q - p*q**2 + 2 - 3*q - q. Calculate l(-2).
-6
Suppose -3*o + 7 + 2 = -2*f, 40 = 5*o + 5*f. Let n(k) = 2*k - o*k + 2 - k. Suppose 5 + 5 = 5*r. Determine n(r).
-6
Let q = -134 - -137. Let s(o) = -6*o - 1. Give s(q).
-19
Let s = 21 + -15. Suppose 0 = -s*q + 3*q + 9. Let b(j) = -2*j - q*j**2 - 3*j + 2*j - j**3. What is b(-2)?
2
Let m(x) be the first derivative of x**5/20 - x**4/4 - x**3/3 - x**2 + 2*x - 3. Let q(k) be the first derivative of m(k). What is q(4)?
6
Let f(g) = g**3 - 5*g**2 - 5*g - 7. Suppose -5*l - 4*x + 34 = -4, -2*l + 4*x = -4. Give f(l).
-1
Let u(p) = -2*p**3 + p**2 - 10*p - 16. Let t(l) = -l**3 + l**2 - 5*l - 8. Let r(w) = 13*t(w) - 6*u(w). What is r(6)?
-2
Let l(g) = -g**3 - 6*g**2 - 6*g - 3. Let j = 25 - 30. Calculate l(j).
2
Let u be (-2)/(2 - 40/22). Let w = 7 + u. Let l(t) = t - 1. Determine l(w).
-5
Let v(h) = -8 + 3*h - 5 + 17. What is v(-3)?
-5
Let s = 15 + -11. Let b(m) = -2 + s*m - m + 2. Give b(-1).
-3
Let g(d) be the first derivative of -d**3/3 - 7*d**2/2 - d - 2. Determine g(-5).
9
Let j(a) = -a**3 + 5*a**2 - a + 1. Suppose 0 = -6*u + u + 2*q + 59, 0 = 2*u + 5*q - 12. Suppose 2*k = 4*p + 30, 4*p + 34 + u = 5*k. Give j(k).
-4
Let g(p) = p**3 + 9*p**2 + 9*p + 8. Suppose -4*f - 28 = 5*n, -2*n + 3*f + f - 28 = 0. Determine g(n).
0
Let u be 63/12 - (-2)/(-8). Suppose -u*r + 43 + 69 = -3*l, -3*r = 5*l - 40. Suppose -r = -d - 3*d. Let m(x) = -x**3 + 5*x**2. Determine m(d).
0
Let s(x) = x**2 + 4*x - 5. Let l(c) = -2*c + 12. Let o = 17 + -8. Let g be l(o). Determine s(g).
7
Suppose -k + 3*o = 2*o, 4*o = -4*k - 24. Let i(h) = -h**3 